actors of x(-72)?
2, 19, 167
Let o be (-1)/(-4 - 6/5946*-3963). Let n = o + -536. What are the prime factors of n?
5, 7, 13
Suppose 5 = x - 0, 5*x = -k + 10. What are the prime factors of ((-185)/15 - -5)*5*k?
2, 5, 11
Suppose -368*z + 375*z - 28 = 0. Suppose -z*b + x + 5662 = 0, -3*b + 2*x + 2120 = -2124. What are the prime factors of b?
2, 3, 59
Let v = -808 - -284. List the prime factors of 1/((10/v)/(-5)).
2, 131
Let r = -60 + 25. Let t = r - -38. Suppose -t*a = -1 - 8. List the prime factors of a.
3
Suppose -1 = 5*r - 16. Suppose -2*h + 4*a - 424 = r*h, -428 = 5*h - 3*a. List the prime factors of -1 - 0 - (-2 + h).
89
Suppose 4*g - 8972 = 221*y - 219*y, -2*g = 3*y - 4510. What are the prime factors of g?
2, 1123
Let s = 238 + -69. Suppose 2*k + n - 76 = 6*n, 5*k - s = 2*n. Let z = 17 + k. What are the prime factors of z?
2, 5
Let k be ((-12)/2)/6 - -2255. Suppose -101*g = -94*g - k. List the prime factors of g.
2, 7, 23
Suppose 10*h - 239 = 591. Let j = h + -66. Suppose -304 = -19*a + j*a. List the prime factors of a.
2, 19
Suppose -17*j - 11667591 = -162*j - 206*j. What are the prime factors of j?
13, 2557
Let v be ((-13980)/24)/((-2)/48). Suppose 0 = 25*w - 13*w - v. What are the prime factors of w?
5, 233
Let j = -5539 - -8348. What are the prime factors of j?
53
Let u(w) = 6*w + 29. Let m(j) = 6*j + 29. Let z(r) = -4*m(r) + 3*u(r). Let v be z(-7). Let s(f) = f + 3. List the prime factors of s(v).
2
Let t = -254 - -256. Suppose 4*s - n - 979 = 0, -2*n - 738 = -5*s + t*s. What are the prime factors of s?
2, 61
Let o(d) = -12*d**3 + 11*d**2 - 49*d - 649. What are the prime factors of o(-12)?
22259
Let h = 8 - 5. Let c be h + (18/1)/3. Let i = c - 5. List the prime factors of i.
2
Suppose 0 = -2*q - 4506 + 4742. What are the prime factors of q?
2, 59
Let c be 3 + (-2)/(-3) + (-121)/(-3). Let w = 50 - c. What are the prime factors of 79 - (w - (-12)/(-8)*2)?
2, 19
Let a be (116/(-174))/(1*2/(-6)). Let h(r) = 10*r**2 - 5 + 21 - 23*r + r**3 - r**2 + r**a. What are the prime factors of h(-12)?
2
Let k(c) = -c**2 + 6*c + 4. Let h be k(6). Suppose 0 = 4*o - 4*m + 8, -19 - 15 = -3*o - 5*m. Suppose 248 = o*g - h. What are the prime factors of g?
2, 3, 7
Let c(q) = q**3 - 13*q - 4. Let i be c(4). Suppose i*w = 1151 + 2809. What are the prime factors of w?
3, 5, 11
Let w(f) = 7*f**3 - 2*f**2 - 5*f - 4. Let d be w(-1). List the prime factors of 116/(-10)*d/((-224)/(-70)).
29
Let c(r) be the second derivative of r**4/6 - 5*r**3/6 + 271*r**2/2 + 54*r. List the prime factors of c(0).
271
Let d(v) = -655*v + 1033. What are the prime factors of d(-9)?
2, 433
Suppose 22*h - 88367 = 7*h + 199828. List the prime factors of h.
19213
Let c = -202 + 207. Suppose -2*u + 552 = 5*h + 2*u, -h = -u - 114. Suppose -b + c*b = h. What are the prime factors of b?
2, 7
Let t be 3 + (-2 + 1 - (-3 - -1)). Suppose t*d = -o + 2549, -3*d = -0*d - 5*o - 1883. List the prime factors of d.
2, 3, 53
Let p = 229 - 220. Let m(f) = 8*f**2 - 12*f - 11. What are the prime factors of m(p)?
23
Suppose -5*j = -3*o - 105, 5*j = -o + 2*j - 35. Let w be -84 + -9 - (2 + -5 + 8). Let p = o - w. What are the prime factors of p?
3, 7
Let v(n) = 7*n**2 + 4 - 84*n + 7 + 87*n. Let h be v(-13). Suppose -3*i + h = 4*i. List the prime factors of i.
3, 5, 11
Let i(k) = -4*k**3 - 218*k**2 - 181*k + 241. List the prime factors of i(-55).
2, 8123
Suppose q - 7279 + 2464 = -2*y, -3*y = 3*q - 14442. What are the prime factors of q?
4813
Let z = 23 - 6. Let k(y) = -1 - 20*y**3 + 18*y**2 - 19*y**3 + 38*y**3 - 10 - 14*y. What are the prime factors of k(z)?
2, 5
Let v be (4*(-26)/(-16))/((-4)/(-40)). Suppose v*g = 63*g + 62. List the prime factors of g.
31
Suppose 2*p - 3*u - 1937 = 0, 2913 = 3*p - 54*u + 51*u. What are the prime factors of p?
2, 61
Let h(n) = 7*n - n + 12 - 7*n + 2*n. Let p be h(-12). Suppose p = 3*k + 3*k - 444. List the prime factors of k.
2, 37
Let w(o) = 27*o**3 - 7*o**2 - 29*o - 260. What are the prime factors of w(12)?
2, 5, 563
Suppose -2*k = 218 + 12. Let x = k + 123. Suppose -3*u - 5*s = -302, 2*s + 2*s + x = 0. List the prime factors of u.
2, 13
Suppose -s - 3*n + 25712 = 3*s, 0 = 2*n. List the prime factors of s.
2, 1607
Suppose 40 = -g + 84. Suppose -g + 52 = 4*x. Suppose -v + x*m = -21, -3*m + 5*m + 121 = 5*v. What are the prime factors of v?
5
Suppose -4*c + 6996 = g, 5*g + 103*c - 108*c = 35130. List the prime factors of g.
2, 3, 5, 13
Suppose 93*k - 146510 = 23*k. What are the prime factors of k?
7, 13, 23
What are the prime factors of 630/(-45)*(-6022)/4?
7, 3011
Let h(g) = g + 1. Let d(f) = -6*f + 6. Let v(c) = d(c) - 4*h(c). Let t(j) = j + 1. Let s(a) = -4*t(a) - 2*v(a). List the prime factors of s(6).
2, 11
Suppose -3*q - 33786 = -9*q. Suppose 12*u - 7017 = q. List the prime factors of u.
2, 17, 31
List the prime factors of ((-9)/(-144)*508)/(-3 + 1394/464).
2, 29, 127
Let l(u) be the third derivative of 2*u**4 - 91*u**3/3 + 45*u**2 - 2*u. What are the prime factors of l(23)?
2, 461
Let f = 108 + -105. Suppose 3*z + 2*n - 41 = 0, -z + 0*z = f*n - 9. List the prime factors of (380/z)/(34/30 + -1).
2, 5, 19
What are the prime factors of 12/(-39) - 1848506/(-286)?
23, 281
Let w be (-234)/39 - (-118 + 1 + 0). Suppose 117*x - w*x = 8184. What are the prime factors of x?
2, 11, 31
Let n(h) = -h**3 - 8*h**2 + 20*h - 10. Let v be n(-10). List the prime factors of -270*(5 + 76/v + -1).
2, 3
Suppose -5*g = 21 + 39. Let w = -21 - g. What are the prime factors of 12/w + (-1860)/(-18)?
2, 3, 17
Suppose 30*h = -0*h - 9*h + 205920. What are the prime factors of h?
2, 3, 5, 11
What are the prime factors of (0 + 22 - 41) + 45253?
2, 3, 7, 359
Suppose -17*i + h + 152864 = 0, -4*i + i + 26976 = 2*h. List the prime factors of i.
2, 281
Let w(n) be the second derivative of 59*n**4/12 + 3*n**3 - 25*n**2 - 23*n. List the prime factors of w(3).
5, 107
Let g(r) = 176*r**2 + 21*r + 530. What are the prime factors of g(-8)?
2, 5813
Let h be 20/(-75)*-18 + 1/5. Let r(x) be the third derivative of 3*x**4/2 + 7*x**3/3 + 2*x**2. List the prime factors of r(h).
2, 97
Let z(d) = -29700*d**3 + 3*d**2 + 7*d + 7. List the prime factors of z(-1).
3, 9901
What are the prime factors of (-186)/(-496) + (-229146)/(-16) + 2?
2, 3581
Suppose 489*j - 260*j - 1176373 = 0. List the prime factors of j.
11, 467
Let k be (16/40)/(2/140). Suppose x - k = -3*w, -w - 3*w = 4. List the prime factors of x.
31
Let a = -1203 - -1128. Let l = 79 - 55. Let k = l - a. What are the prime factors of k?
3, 11
Let m = 182 + 104. Let v = m - 59. What are the prime factors of v?
227
Let t = -29 - -25. List the prime factors of t/((-16)/18)*400/3.
2, 3, 5
Let a be (-5)/(-7) - (-16)/56. Suppose -p - 4*l = -108, 572 - 158 = 4*p - 2*l. Let c = a + p. What are the prime factors of c?
3, 5, 7
Suppose p + 7 = -4*z - 5, 3*p - 2*z = 20. Let l(a) = 71*a - 126. What are the prime factors of l(p)?
2, 79
Suppose -10*p = -51*p - 9*p + 396000. List the prime factors of p.
2, 3, 5, 11
Let o(l) = 13*l - 136. Let b be o(11). What are the prime factors of 7 - (-349 - (-11 + b))?
2, 11
Suppose -3*b + 10 = 1. Suppose 0 = b*y + 4*y + 42. What are the prime factors of 118/(-4)*(y + 0)?
3, 59
Let u(b) = 105*b - 11 - 9 + 19*b - 7. List the prime factors of u(4).
7, 67
Suppose -n = -2*t - 6578, -2*n + 6*n = t + 26312. List the prime factors of n.
2, 11, 13, 23
Let w = -4818 + 15925. What are the prime factors of w?
29, 383
Let a = -133 - -223. Let m = a + 45. What are the prime factors of m?
3, 5
Let n be (-92)/230*((-54 - -1) + -2). Suppose -n*w + 851 = w. What are the prime factors of w?
37
Let v(n) = 591*n - 5460. List the prime factors of v(12).
2, 3, 17
Let p = 27099 - 6329. List the prime factors of p.
2, 5, 31, 67
Let m = 11345 - 2995. What are the prime factors of m?
2, 5, 167
Let l(u) = 33*u**2 + 767*u + 5430. What are the prime factors of l(-7)?
2, 839
Suppose 0 = -y + 1260 + 1811. What are the prime factors of y?
37, 83
Suppose 0 = 21*c - 15*c - 2*d - 255398, 2*c - 85178 = -5*d. What are the prime factors of c?
42569
Suppose 12*t - 8*t - 172 = 0. Suppose 0 = t*q - 34*q - 6138. List the prime factors of q.
2, 11, 31
Let q(z) = -3*z - 7*z - 64 + 2*z. What are the prime factors of q(-9)?
2
Let g be -94 - (-4 - -6)*1 - 4. Let f = -97 - g. Suppose u 